 -s + n. Calculate the highest common factor of s and 102.
51
Suppose -5*v + 383 = -4*a, -10 = 199*a - 194*a. Calculate the greatest common factor of v and 2425.
25
Suppose -x + 5*x = 5*z + 324, -4*x = 2*z - 296. Let c be (-8)/(-36) - (-642)/27. Let s = c + 14. What is the highest common divisor of x and s?
38
Suppose 0 = 4*s - 12 - 36. Let n(o) = -o**3 - 5*o**2 - 2*o + 8. Let m be n(-4). Suppose m = -3*h - s + 42. Calculate the highest common divisor of 110 and h.
10
Let d be 2 + -6*((-8)/(-3) + -3). Suppose 0 = -d*n - 0*n. Suppose 3*g + 5*x - 86 = n, 5*g - 80 = g + 2*x. What is the highest common divisor of g and 2?
2
Let c = -56228 + 96971. What is the highest common factor of 81 and c?
81
Let m(d) = -35*d - 28. Let s be m(5). Let p = -128 - s. Let r be (-5)/(p/9) + 2656/10. Calculate the greatest common divisor of 53 and r.
53
Let l be 0 + ((-4)/7)/((-4)/14). Suppose 57 = 20*a - 16*a - 5*c, -l*c - 10 = 0. What is the highest common factor of a and 8?
8
Let b(i) = 6*i**2 - 58*i - 66. Let r(p) = -2*p**2 + 19*p + 22. Let q(c) = 3*b(c) + 8*r(c). Let l be q(12). What is the highest common divisor of l and 7?
1
Suppose -4*f - 281 = -5*a, 131 = 4*a + 5*f - 102. Suppose 28*h = 26*h + 38. Calculate the greatest common divisor of h and a.
19
Let i(s) = -3*s**3 - 13*s**2 + s + 29. Let m be i(-4). Let c = 4 + -2. Let h(l) = 5*l**3 - 2*l. Let a be h(c). What is the highest common divisor of a and m?
9
Let z be 28728/5472*(208/6)/1. Calculate the greatest common factor of 4550 and z.
182
Let z be 0/(-4 - -4 - 2). Suppose -288 = -z*o - 3*o. Calculate the greatest common factor of 6 and o.
6
Let v(s) = -s**3 - 20*s**2 + 4*s + 102. Let y be v(-20). Calculate the greatest common factor of y and 18.
2
Let h(v) = 6*v**2 + 4*v - 17. Let a be h(4). Suppose -19 = -4*d + 3*d - 4*w, 0 = -3*d + w + 57. Calculate the highest common factor of a and d.
19
Suppose 176 = 4*l - 5*j, -4*j - 50 + 66 = 0. What is the highest common factor of l and 2373?
7
Let u = 16 + -11. Suppose -1423 = -7*h + 5486. Suppose -u*l + 3*p = -h, 20 = 2*p - 7*p. Calculate the greatest common factor of l and 15.
15
Suppose -3*d + 3*q + 3 = 0, -d - 5*q = -4*d + 5. Let r be (5/(-35) - d) + (-589)/(-7). Calculate the highest common divisor of r and 14.
14
Let u(k) = 12*k**2 + 2*k - 31. Let c be u(-8). Let o = -417 + c. What is the highest common divisor of o and 38?
38
Suppose 4*b = -p - 120, -3*p - 504 = 2*p - 4*b. Let f = p + 113. Suppose -s - 1064 = -f*s. What is the highest common factor of 19 and s?
19
Let t(q) be the first derivative of 51 + 4*q**3 - 28*q**2 + 28*q**2 + 2*q. Let u be t(2). Calculate the greatest common factor of 200 and u.
50
Let u = 40590 - 36335. What is the highest common factor of 3145 and u?
185
Suppose 3*l - 3*v - 105 = 0, l - 2*v = v + 27. Suppose 0*d = -d + 4*b + 169, -845 = -5*d + b. Let z = d - 143. What is the highest common divisor of l and z?
13
Let w(m) = 287*m + 1304. Let q be w(-4). Calculate the greatest common divisor of 52 and q.
52
Let y(j) = -j**3 - 3*j**2 - 3*j - 17. Let t be y(-7). Suppose 0 = 137*i - 111*i - 416. What is the greatest common divisor of t and i?
8
Let h be 6*(-2 + 4/4)*-1. Suppose 0 = -3*d + 4*a + 46, h*a - 5*a = -4*d + 74. What is the greatest common divisor of d and 306?
18
Suppose -53*q + 120*q - 29547 = 0. Calculate the greatest common divisor of q and 27.
9
Suppose 3*h = -3*o - 24535 + 84232, 3*h = 2*o - 39768. Calculate the highest common factor of o and 19.
19
Suppose -4*g = -5*a - 407, 5*g + 14*a - 18*a - 520 = 0. Let d = g + -17. Calculate the greatest common factor of d and 65.
13
Suppose -3*t = 12, 3*t - 4*t + 24 = 4*a. Suppose 0 = 3*h + a + 20. Let k(q) = q**2 + 5*q - 12. Let f be k(h). What is the highest common divisor of f and 8?
8
Suppose -5*o - 9 = -6*o. Suppose -240 = -12*j + o*j. Let p = 51 - 35. What is the greatest common divisor of p and j?
16
Suppose -75 = 2*r + 4*q - 93, -21 = -r + 2*q. Calculate the greatest common factor of 4395 and r.
15
Let w(o) = 12*o**2 + 13*o - 4. Let v be w(5). Let j = v - 228. Calculate the greatest common factor of 19 and j.
19
Let h(c) = -c**3 - 23*c**2 - 136*c - 48. Let l be h(-16). Calculate the highest common factor of l and 84.
84
Let h = 114 + -76. Suppose -9 = h*q - 35*q. Let f be (-665)/(-5) + (-1 - q). What is the greatest common factor of f and 27?
27
Suppose 6*f - 10*f = -528. Suppose 0 = -3*x - 25*w + 27*w + 990, -330 = -x + 3*w. What is the greatest common divisor of x and f?
66
Let a be 3*(27 + -1 + 0 + 5). Suppose d - 6 = -l - 4*l, -4*d + 3*l = -a. Calculate the highest common factor of d and 15.
3
Suppose 0 = -4*p - 6*p + 5754 + 10496. Calculate the greatest common divisor of p and 875.
125
Let a(l) = 2*l**2 + l + 14. Let g be a(5). Suppose -53 = 4*t - g. Calculate the highest common divisor of 32 and t.
4
Suppose 708 = -6*a + 10*a. Suppose -70 = t + w, 3*t + 283 = -t - 3*w. Let v = t + 132. Calculate the greatest common divisor of v and a.
59
Let p = -59 - -97. Suppose j + p = 3*j - 2*b, 31 = j + 5*b. What is the highest common factor of j and 14?
7
Suppose -21*v + 135 = 30. Suppose -4*r = -v*h + 571, -4*r = 2*h - 8*r - 238. Suppose l - 37 = -u - 4*l, 0 = -2*l. What is the greatest common factor of h and u?
37
Suppose -4*p = -2*o + 500, -o + 126 = 3*p - 124. Suppose 0 = 176*t - 178*t + o. What is the greatest common divisor of t and 50?
25
Suppose -13*u + 0*u + 260 = 0. Suppose -3*x - 2*a = -178, -u = 4*x - 2*a - 234. What is the highest common divisor of x and 16?
8
Let z be ((-14)/21)/(60/(-4408830)). Calculate the greatest common factor of 9 and z.
9
Let a = 67 - 64. Suppose 5*q + m = -a*m + 113, m + 103 = 5*q. Let w be 576/21 - q/49. Calculate the greatest common divisor of 3 and w.
3
Let h(n) = 10*n**2 - 46*n - 16. Let s be h(9). What is the greatest common divisor of 912 and s?
76
Suppose z - 211 = -43. Suppose 5*y + z = 8*y. Let b be (-4)/(-10) + (-38)/(-5). Calculate the highest common divisor of b and y.
8
Let r be (-7 - (798/(-9))/14)*-33. What is the highest common factor of 5918 and r?
22
Let s = 9 + 10. Let o(l) = 312*l**2 - 9*l + 1. Let b be o(1). What is the greatest common factor of b and s?
19
Let k(w) = 3*w**3 - 332*w**2 + 216*w + 466. Let c be k(110). Calculate the greatest common factor of c and 3679.
13
Let w(q) be the first derivative of q**3 - q**2/2 + 12*q + 58. Let b be w(-6). What is the greatest common divisor of 14 and b?
14
Let y be (-37)/((-481)/494) + (-2 + 13 - 3). What is the highest common divisor of y and 1633?
23
Suppose -16*g + 139 + 481 = -612. Calculate the highest common factor of 946 and g.
11
Let p = -100 - 109. Let n = p - -447. What is the highest common factor of n and 102?
34
Let p(q) = -4*q - 8. Let s be p(-5). Let j = 24 - s. Suppose -4*o - 2*k + 528 = k, -2*o + 264 = -2*k. Calculate the greatest common factor of o and j.
12
Let p(l) = -l - 14. Let r be p(-11). Let n be (1 + (-5)/10)/(r/(-180)). What is the highest common factor of 150 and n?
30
Suppose 4*g = -3*z + 57, 2*g + 2*z - 18 = 8. Let c = 53 - 23. Suppose -x + c = 4*x. Calculate the greatest common divisor of g and x.
6
Let l(r) = -406*r - 636. Let g be l(-2). Calculate the greatest common divisor of g and 143.
11
Let n be (0/(-1) + 2)*2. Let s = 31 + -7. Suppose 4*i - 56 = -s. Calculate the greatest common factor of n and i.
4
Suppose 0*l + 147805 = 35*l. Calculate the greatest common divisor of l and 123.
41
Let n be ((1 - 0) + 5)/((-43)/(-387)). Suppose -3*w - 51 = -5*x, n = 4*x + x - 2*w. Let u be x*(-7 + 2 - -7). What is the greatest common factor of u and 84?
12
Suppose -6*k = -1 - 17. Let j(s) = -k - 3*s - 1 - 3 - 7. Let t be j(-13). Calculate the highest common factor of t and 5.
5
Suppose 5*r = 5*l + 7845, 0 = -7*r + 3*r + 5*l + 6276. Suppose -12*y + r + 15 = 0. What is the greatest common factor of y and 12?
12
Let w = -1423 - -908. Let m = w + 745. Calculate the greatest common factor of 15 and m.
5
Suppose 0 = -76*o + 79*o + 18. Let d = o + 52. Calculate the greatest common divisor of 23 and d.
23
Let y(o) = o**2 - o + 58. Let i be y(15). Let l = -246 + i. Calculate the greatest common factor of l and 22.
22
Let d be (-10 - 0) + 108 + -59. What is the highest common divisor of 3627 and d?
39
Suppose 2*x - 75 + 7 = 0. Let l = 20 - -168. Let d = l - 